[INFO] cloning repository https://github.com/sameo/linux-loader
[INFO] running `Command { std: "git" "-c" "credential.helper=" "-c" "credential.helper=/workspace/cargo-home/bin/git-credential-null" "clone" "--bare" "https://github.com/sameo/linux-loader" "/workspace/cache/git-repos/https%3A%2F%2Fgithub.com%2Fsameo%2Flinux-loader", kill_on_drop: false }`
[INFO] [stderr] Cloning into bare repository '/workspace/cache/git-repos/https%3A%2F%2Fgithub.com%2Fsameo%2Flinux-loader'...
[INFO] running `Command { std: "git" "rev-parse" "HEAD", kill_on_drop: false }`
[INFO] [stdout] f0905480bd9f9aae8b88c63ca5dd6f3469483b65
[INFO] checking sameo/linux-loader against master#af3c6e733a40e671550e0f0f5aeecaa13772ba56 for pr-74989
[INFO] running `Command { std: "git" "clone" "/workspace/cache/git-repos/https%3A%2F%2Fgithub.com%2Fsameo%2Flinux-loader" "/workspace/builds/worker-13/source", kill_on_drop: false }`
[INFO] [stderr] Cloning into '/workspace/builds/worker-13/source'...
[INFO] [stderr] done.
[INFO] validating manifest of git repo https://github.com/sameo/linux-loader on toolchain af3c6e733a40e671550e0f0f5aeecaa13772ba56
[INFO] running `Command { std: "/workspace/cargo-home/bin/cargo" "+af3c6e733a40e671550e0f0f5aeecaa13772ba56" "read-manifest" "--manifest-path" "Cargo.toml", kill_on_drop: false }`
[INFO] started tweaking git repo https://github.com/sameo/linux-loader
[INFO] finished tweaking git repo https://github.com/sameo/linux-loader
[INFO] tweaked toml for git repo https://github.com/sameo/linux-loader written to /workspace/builds/worker-13/source/Cargo.toml
[INFO] running `Command { std: "/workspace/cargo-home/bin/cargo" "+af3c6e733a40e671550e0f0f5aeecaa13772ba56" "generate-lockfile" "--manifest-path" "Cargo.toml" "-Zno-index-update", kill_on_drop: false }`
[INFO] [stderr]     Updating git repository `https://github.com/rust-vmm/vm-memory`
[INFO] running `Command { std: "/workspace/cargo-home/bin/cargo" "+af3c6e733a40e671550e0f0f5aeecaa13772ba56" "fetch" "--locked" "--manifest-path" "Cargo.toml", kill_on_drop: false }`
[INFO] running `Command { std: "docker" "create" "-v" "/var/lib/crater-agent-workspace/builds/worker-13/target:/opt/rustwide/target:rw,Z" "-v" "/var/lib/crater-agent-workspace/builds/worker-13/source:/opt/rustwide/workdir:ro,Z" "-v" "/var/lib/crater-agent-workspace/cargo-home:/opt/rustwide/cargo-home:ro,Z" "-v" "/var/lib/crater-agent-workspace/rustup-home:/opt/rustwide/rustup-home:ro,Z" "-e" "SOURCE_DIR=/opt/rustwide/workdir" "-e" "CARGO_TARGET_DIR=/opt/rustwide/target" "-e" "CARGO_HOME=/opt/rustwide/cargo-home" "-e" "RUSTUP_HOME=/opt/rustwide/rustup-home" "-w" "/opt/rustwide/workdir" "-m" "1610612736" "--user" "0:0" "--network" "none" "rustops/crates-build-env@sha256:d92eaeed33fa75130ca1ee6c8a01d1ffb62bac859dfdfb3450e3e5d1c0146529" "/opt/rustwide/cargo-home/bin/cargo" "+af3c6e733a40e671550e0f0f5aeecaa13772ba56" "metadata" "--no-deps" "--format-version=1", kill_on_drop: false }`
[INFO] [stdout] c4a3ed7d4f23a1afbfcb0fcb8deca68cae92a51a6150ab875873c6027cba0167
[INFO] [stderr] WARNING: Your kernel does not support swap limit capabilities or the cgroup is not mounted. Memory limited without swap.
[INFO] running `Command { std: "docker" "start" "-a" "c4a3ed7d4f23a1afbfcb0fcb8deca68cae92a51a6150ab875873c6027cba0167", kill_on_drop: false }`
[INFO] running `Command { std: "docker" "inspect" "c4a3ed7d4f23a1afbfcb0fcb8deca68cae92a51a6150ab875873c6027cba0167", kill_on_drop: false }`
[INFO] running `Command { std: "docker" "rm" "-f" "c4a3ed7d4f23a1afbfcb0fcb8deca68cae92a51a6150ab875873c6027cba0167", kill_on_drop: false }`
[INFO] [stdout] c4a3ed7d4f23a1afbfcb0fcb8deca68cae92a51a6150ab875873c6027cba0167
[INFO] running `Command { std: "docker" "create" "-v" "/var/lib/crater-agent-workspace/builds/worker-13/target:/opt/rustwide/target:rw,Z" "-v" "/var/lib/crater-agent-workspace/builds/worker-13/source:/opt/rustwide/workdir:ro,Z" "-v" "/var/lib/crater-agent-workspace/cargo-home:/opt/rustwide/cargo-home:ro,Z" "-v" "/var/lib/crater-agent-workspace/rustup-home:/opt/rustwide/rustup-home:ro,Z" "-e" "SOURCE_DIR=/opt/rustwide/workdir" "-e" "CARGO_TARGET_DIR=/opt/rustwide/target" "-e" "CARGO_INCREMENTAL=0" "-e" "RUST_BACKTRACE=full" "-e" "RUSTFLAGS=--cap-lints=forbid" "-e" "CARGO_HOME=/opt/rustwide/cargo-home" "-e" "RUSTUP_HOME=/opt/rustwide/rustup-home" "-w" "/opt/rustwide/workdir" "-m" "1610612736" "--user" "0:0" "--network" "none" "rustops/crates-build-env@sha256:d92eaeed33fa75130ca1ee6c8a01d1ffb62bac859dfdfb3450e3e5d1c0146529" "/opt/rustwide/cargo-home/bin/cargo" "+af3c6e733a40e671550e0f0f5aeecaa13772ba56" "check" "--frozen" "--all" "--all-targets" "--message-format=json", kill_on_drop: false }`
[INFO] [stdout] f3f990cebaf85b6f0b9d0d3319ab4b4eeaa395ea1a7627720e96b1fb67bd85e2
[INFO] [stderr] WARNING: Your kernel does not support swap limit capabilities or the cgroup is not mounted. Memory limited without swap.
[INFO] running `Command { std: "docker" "start" "-a" "f3f990cebaf85b6f0b9d0d3319ab4b4eeaa395ea1a7627720e96b1fb67bd85e2", kill_on_drop: false }`
[INFO] [stderr]     Checking vm-memory v0.2.0 (https://github.com/rust-vmm/vm-memory#788019f7)
[INFO] [stderr]     Checking linux-loader v0.1.0 (/opt/rustwide/workdir)
[INFO] [stdout] warning: `...` range patterns are deprecated
[INFO] [stdout]   --> src/cmdline/mod.rs:47:12
[INFO] [stdout]    |
[INFO] [stdout] 47 |         ' '...'~' => true,
[INFO] [stdout]    |            ^^^ help: use `..=` for an inclusive range
[INFO] [stdout]    |
[INFO] [stdout]    = note: `#[warn(ellipsis_inclusive_range_patterns)]` on by default
[INFO] [stdout] 
[INFO] [stdout] 
[INFO] [stdout] warning: unused import: `GuestMemory`
[INFO] [stdout]   --> src/loader/mod.rs:18:47
[INFO] [stdout]    |
[INFO] [stdout] 18 | use vm_memory::{Address, Bytes, GuestAddress, GuestMemory, GuestMemoryMmap, GuestUsize};
[INFO] [stdout]    |                                               ^^^^^^^^^^^
[INFO] [stdout]    |
[INFO] [stdout]    = note: `#[warn(unused_imports)]` on by default
[INFO] [stdout] 
[INFO] [stdout] 
[INFO] [stdout] warning: unnecessary parentheses around type
[INFO] [stdout]    --> src/loader/mod.rs:121:17
[INFO] [stdout]     |
[INFO] [stdout] 121 |     ) -> Result<(KernelLoaderResult)>
[INFO] [stdout]     |                 ^^^^^^^^^^^^^^^^^^^^ help: remove these parentheses
[INFO] [stdout]     |
[INFO] [stdout]     = note: `#[warn(unused_parens)]` on by default
[INFO] [stdout] 
[INFO] [stdout] 
[INFO] [stdout] warning: unnecessary parentheses around type
[INFO] [stdout]    --> src/loader/mod.rs:147:17
[INFO] [stdout]     |
[INFO] [stdout] 147 |     ) -> Result<(KernelLoaderResult)>
[INFO] [stdout]     |                 ^^^^^^^^^^^^^^^^^^^^ help: remove these parentheses
[INFO] [stdout] 
[INFO] [stdout] 
[INFO] [stdout] warning: unnecessary parentheses around type
[INFO] [stdout]    --> src/loader/mod.rs:255:17
[INFO] [stdout]     |
[INFO] [stdout] 255 |     ) -> Result<(KernelLoaderResult)>
[INFO] [stdout]     |                 ^^^^^^^^^^^^^^^^^^^^ help: remove these parentheses
[INFO] [stdout] 
[INFO] [stdout] 
[INFO] [stdout] warning: use of deprecated associated function `std::error::Error::description`: use the Display impl or to_string()
[INFO] [stdout]   --> src/loader/mod.rs:98:46
[INFO] [stdout]    |
[INFO] [stdout] 98 |         write!(f, "Kernel Loader Error: {}", Error::description(self))
[INFO] [stdout]    |                                              ^^^^^^^^^^^^^^^^^^
[INFO] [stdout]    |
[INFO] [stdout]    = note: `#[warn(deprecated)]` on by default
[INFO] [stdout] 
[INFO] [stdout] 
[INFO] [stdout] error[E0599]: no method named `end_addr` found for reference `&GuestMemoryMmap` in the current scope
[INFO] [stdout]    --> src/loader/mod.rs:343:24
[INFO] [stdout]     |
[INFO] [stdout] 343 |     if end > guest_mem.end_addr() {
[INFO] [stdout]     |                        ^^^^^^^^ method not found in `&GuestMemoryMmap`
[INFO] [stdout] 
[INFO] [stdout] 
[INFO] [stdout] error: aborting due to previous error; 6 warnings emitted
[INFO] [stdout] 
[INFO] [stdout] 
[INFO] [stdout] For more information about this error, try `rustc --explain E0599`.
[INFO] [stdout] 
[INFO] [stdout] warning: `...` range patterns are deprecated
[INFO] [stdout]   --> src/cmdline/mod.rs:47:12
[INFO] [stdout]    |
[INFO] [stdout] 47 |         ' '...'~' => true,
[INFO] [stdout]    |            ^^^ help: use `..=` for an inclusive range
[INFO] [stdout]    |
[INFO] [stdout]    = note: `#[warn(ellipsis_inclusive_range_patterns)]` on by default
[INFO] [stdout] 
[INFO] [stdout] 
[INFO] [stdout] warning: unused import: `GuestMemory`
[INFO] [stdout]   --> src/loader/mod.rs:18:47
[INFO] [stdout]    |
[INFO] [stdout] 18 | use vm_memory::{Address, Bytes, GuestAddress, GuestMemory, GuestMemoryMmap, GuestUsize};
[INFO] [stdout]    |                                               ^^^^^^^^^^^
[INFO] [stdout]    |
[INFO] [stdout]    = note: `#[warn(unused_imports)]` on by default
[INFO] [stdout] 
[INFO] [stdout] 
[INFO] [stdout] warning: unnecessary parentheses around type
[INFO] [stdout]    --> src/loader/mod.rs:121:17
[INFO] [stdout]     |
[INFO] [stdout] 121 |     ) -> Result<(KernelLoaderResult)>
[INFO] [stdout]     |                 ^^^^^^^^^^^^^^^^^^^^ help: remove these parentheses
[INFO] [stdout]     |
[INFO] [stdout]     = note: `#[warn(unused_parens)]` on by default
[INFO] [stdout] 
[INFO] [stdout] 
[INFO] [stdout] warning: unnecessary parentheses around type
[INFO] [stdout]    --> src/loader/mod.rs:147:17
[INFO] [stdout]     |
[INFO] [stdout] 147 |     ) -> Result<(KernelLoaderResult)>
[INFO] [stdout]     |                 ^^^^^^^^^^^^^^^^^^^^ help: remove these parentheses
[INFO] [stdout] 
[INFO] [stdout] 
[INFO] [stdout] warning: unnecessary parentheses around type
[INFO] [stdout]    --> src/loader/mod.rs:255:17
[INFO] [stdout]     |
[INFO] [stdout] 255 |     ) -> Result<(KernelLoaderResult)>
[INFO] [stdout]     |                 ^^^^^^^^^^^^^^^^^^^^ help: remove these parentheses
[INFO] [stdout] 
[INFO] [stdout] 
[INFO] [stderr] error: could not compile `linux-loader`.
[INFO] [stderr] 
[INFO] [stderr] To learn more, run the command again with --verbose.
[INFO] [stderr] warning: build failed, waiting for other jobs to finish...
[INFO] [stdout] warning: use of deprecated associated function `std::error::Error::description`: use the Display impl or to_string()
[INFO] [stdout]   --> src/loader/mod.rs:98:46
[INFO] [stdout]    |
[INFO] [stdout] 98 |         write!(f, "Kernel Loader Error: {}", Error::description(self))
[INFO] [stdout]    |                                              ^^^^^^^^^^^^^^^^^^
[INFO] [stdout]    |
[INFO] [stdout]    = note: `#[warn(deprecated)]` on by default
[INFO] [stdout] 
[INFO] [stdout] 
[INFO] [stdout] error[E0599]: no method named `end_addr` found for reference `&GuestMemoryMmap` in the current scope
[INFO] [stdout]    --> src/loader/mod.rs:343:24
[INFO] [stdout]     |
[INFO] [stdout] 343 |     if end > guest_mem.end_addr() {
[INFO] [stdout]     |                        ^^^^^^^^ method not found in `&GuestMemoryMmap`
[INFO] [stdout] 
[INFO] [stdout] 
[INFO] [stdout] error[E0061]: this function takes 0 arguments but 1 argument was supplied
[INFO] [stdout]    --> src/loader/mod.rs:363:9
[INFO] [stdout]     |
[INFO] [stdout] 363 |         GuestMemoryMmap::new(&[(GuestAddress(0x0), (MEM_SIZE as usize))]).unwrap()
[INFO] [stdout]     |         ^^^^^^^^^^^^^^^^^^^^ ------------------------------------------- supplied 1 argument
[INFO] [stdout]     |         |
[INFO] [stdout]     |         expected 0 arguments
[INFO] [stdout] 
[INFO] [stdout] 
[INFO] [stdout] error[E0599]: no method named `unwrap` found for struct `GuestMemoryMmap` in the current scope
[INFO] [stdout]    --> src/loader/mod.rs:363:75
[INFO] [stdout]     |
[INFO] [stdout] 363 |         GuestMemoryMmap::new(&[(GuestAddress(0x0), (MEM_SIZE as usize))]).unwrap()
[INFO] [stdout]     |                                                                           ^^^^^^ method not found in `GuestMemoryMmap`
[INFO] [stdout] 
[INFO] [stdout] 
[INFO] [stdout] error: aborting due to 3 previous errors; 6 warnings emitted
[INFO] [stdout] 
[INFO] [stdout] 
[INFO] [stdout] Some errors have detailed explanations: E0061, E0599.
[INFO] [stdout] 
[INFO] [stdout] For more information about an error, try `rustc --explain E0061`.
[INFO] [stdout] 
[INFO] [stderr] error: build failed
[INFO] running `Command { std: "docker" "inspect" "f3f990cebaf85b6f0b9d0d3319ab4b4eeaa395ea1a7627720e96b1fb67bd85e2", kill_on_drop: false }`
[INFO] running `Command { std: "docker" "rm" "-f" "f3f990cebaf85b6f0b9d0d3319ab4b4eeaa395ea1a7627720e96b1fb67bd85e2", kill_on_drop: false }`
[INFO] [stdout] f3f990cebaf85b6f0b9d0d3319ab4b4eeaa395ea1a7627720e96b1fb67bd85e2
